{"id":63,"date":"2025-04-18T20:32:22","date_gmt":"2025-04-18T20:32:22","guid":{"rendered":"https:\/\/udbudsdanmark.dk\/?page_id=63"},"modified":"2025-04-24T22:31:28","modified_gmt":"2025-04-24T22:31:28","slug":"artikler","status":"publish","type":"page","link":"https:\/\/udbudsdanmark.dk\/index.php\/artikler\/","title":{"rendered":"Artikler &#8211; siden er under opbygning"},"content":{"rendered":"\n<div class=\"wp-block-columns is-layout-flex wp-container-core-columns-is-layout-28f84493 wp-block-columns-is-layout-flex\">\n<div class=\"wp-block-column is-layout-flow wp-block-column-is-layout-flow\">\n<h2 class=\"wp-block-heading\">Artikler &#8211; siden er under opbygning<\/h2>\n<\/div>\n\n\n\n<div class=\"wp-block-column is-layout-flow wp-block-column-is-layout-flow\"><\/div>\n<\/div>\n\n\n\n<div class=\"wp-block-query is-layout-flow wp-block-query-is-layout-flow\"><ul class=\"columns-3 wp-block-post-template is-layout-grid wp-container-core-post-template-is-layout-6d3fbd8f wp-block-post-template-is-layout-grid\"><li class=\"wp-block-post post-96 post type-post status-publish format-standard hentry category-https-udbudsdanmark-dk-index-php-artikler\">\n\n<div class=\"wp-block-group is-layout-flow wp-block-group-is-layout-flow\" style=\"padding-top:30px;padding-right:30px;padding-bottom:30px;padding-left:30px\"><h6 class=\"wp-block-post-title\"><a href=\"https:\/\/udbudsdanmark.dk\/index.php\/2025\/04\/18\/test-4\/\" target=\"_self\" >test 4<\/a><\/h6>\n\n<div class=\"has-text-align-left wp-block-post-excerpt\"><p class=\"wp-block-post-excerpt__excerpt\">Artiklen handler om&#8230;..kfafoafjpafajfafpjafajgdpjafpajdgpajsdgpjafpjagdpjag <\/p><\/div>\n\n<div class=\"wp-block-post-date\"><time datetime=\"2025-04-18T21:55:18+00:00\">18\/04\/2025<\/time><\/div><\/div>\n\n<\/li><li class=\"wp-block-post post-90 post type-post status-publish format-standard hentry category-https-udbudsdanmark-dk-index-php-artikler\">\n\n<div class=\"wp-block-group is-layout-flow wp-block-group-is-layout-flow\" style=\"padding-top:30px;padding-right:30px;padding-bottom:30px;padding-left:30px\"><h6 class=\"wp-block-post-title\"><a href=\"https:\/\/udbudsdanmark.dk\/index.php\/2025\/04\/18\/test1\/\" target=\"_self\" >Test1<\/a><\/h6>\n\n<div class=\"has-text-align-left wp-block-post-excerpt\"><p class=\"wp-block-post-excerpt__excerpt\">Artiklen handler om&#8230;.Artiklen handler om&#8230;.a\u00e5kf\u00e5askf\u00e6kaf\u00e6jaf\u00e6af\u00e6af <\/p><\/div>\n\n<div class=\"wp-block-post-date\"><time datetime=\"2025-04-18T21:53:23+00:00\">18\/04\/2025<\/time><\/div><\/div>\n\n<\/li><\/ul><\/div>\n","protected":false},"excerpt":{"rendered":"<p>Artikler &#8211; siden er under opbygning<\/p>\n","protected":false},"author":1,"featured_media":0,"parent":0,"menu_order":0,"comment_status":"closed","ping_status":"closed","template":"","meta":{"site-sidebar-layout":"default","site-content-layout":"","ast-site-content-layout":"","site-content-style":"default","site-sidebar-style":"default","ast-global-header-display":"","ast-banner-title-visibility":"","ast-main-header-display":"","ast-hfb-above-header-display":"","ast-hfb-below-header-display":"","ast-hfb-mobile-header-display":"","site-post-title":"disabled","ast-breadcrumbs-content":"","ast-featured-img":"","footer-sml-layout":"","theme-transparent-header-meta":"","adv-header-id-meta":"","stick-header-meta":"","header-above-stick-meta":"","header-main-stick-meta":"","header-below-stick-meta":"","astra-migrate-meta-layouts":"default","ast-page-background-enabled":"default","ast-page-background-meta":{"desktop":{"background-color":"var(--ast-global-color-5)","background-image":"","background-repeat":"repeat","background-position":"center center","background-size":"auto","background-attachment":"scroll","background-type":"","background-media":"","overlay-type":"","overlay-color":"","overlay-opacity":"","overlay-gradient":""},"tablet":{"background-color":"","background-image":"","background-repeat":"repeat","background-position":"center center","background-size":"auto","background-attachment":"scroll","background-type":"","background-media":"","overlay-type":"","overlay-color":"","overlay-opacity":"","overlay-gradient":""},"mobile":{"background-color":"","background-image":"","background-repeat":"repeat","background-position":"center center","background-size":"auto","background-attachment":"scroll","background-type":"","background-media":"","overlay-type":"","overlay-color":"","overlay-opacity":"","overlay-gradient":""}},"ast-content-background-meta":{"desktop":{"background-color":"var(--ast-global-color-4)","background-image":"","background-repeat":"repeat","background-position":"center center","background-size":"auto","background-attachment":"scroll","background-type":"","background-media":"","overlay-type":"","overlay-color":"","overlay-opacity":"","overlay-gradient":""},"tablet":{"background-color":"var(--ast-global-color-4)","background-image":"","background-repeat":"repeat","background-position":"center center","background-size":"auto","background-attachment":"scroll","background-type":"","background-media":"","overlay-type":"","overlay-color":"","overlay-opacity":"","overlay-gradient":""},"mobile":{"background-color":"var(--ast-global-color-4)","background-image":"","background-repeat":"repeat","background-position":"center center","background-size":"auto","background-attachment":"scroll","background-type":"","background-media":"","overlay-type":"","overlay-color":"","overlay-opacity":"","overlay-gradient":""}},"footnotes":""},"class_list":["post-63","page","type-page","status-publish","hentry"],"yoast_head":"<!-- This site is optimized with the Yoast SEO plugin v24.9 - https:\/\/yoast.com\/wordpress\/plugins\/seo\/ -->\n<title>Artikler - siden er under opbygning - udbudsdanmark<\/title>\n<meta name=\"robots\" content=\"index, follow, max-snippet:-1, max-image-preview:large, max-video-preview:-1\" \/>\n<link rel=\"canonical\" href=\"https:\/\/udbudsdanmark.dk\/index.php\/artikler\/\" \/>\n<meta property=\"og:locale\" content=\"da_DK\" \/>\n<meta property=\"og:type\" content=\"article\" \/>\n<meta property=\"og:title\" content=\"Artikler - siden er under opbygning - udbudsdanmark\" \/>\n<meta property=\"og:description\" content=\"Artikler &#8211; siden er under opbygning\" \/>\n<meta property=\"og:url\" content=\"https:\/\/udbudsdanmark.dk\/index.php\/artikler\/\" \/>\n<meta property=\"og:site_name\" content=\"udbudsdanmark\" \/>\n<meta property=\"article:modified_time\" content=\"2025-04-24T22:31:28+00:00\" \/>\n<meta name=\"twitter:card\" content=\"summary_large_image\" \/>\n<meta name=\"twitter:label1\" content=\"Estimeret l\u00e6setid\" \/>\n\t<meta name=\"twitter:data1\" content=\"1 minut\" \/>\n<script type=\"application\/ld+json\" class=\"yoast-schema-graph\">{\"@context\":\"https:\/\/schema.org\",\"@graph\":[{\"@type\":\"WebPage\",\"@id\":\"https:\/\/udbudsdanmark.dk\/index.php\/artikler\/\",\"url\":\"https:\/\/udbudsdanmark.dk\/index.php\/artikler\/\",\"name\":\"Artikler - siden er under opbygning - udbudsdanmark\",\"isPartOf\":{\"@id\":\"https:\/\/udbudsdanmark.dk\/#website\"},\"datePublished\":\"2025-04-18T20:32:22+00:00\",\"dateModified\":\"2025-04-24T22:31:28+00:00\",\"breadcrumb\":{\"@id\":\"https:\/\/udbudsdanmark.dk\/index.php\/artikler\/#breadcrumb\"},\"inLanguage\":\"da-DK\",\"potentialAction\":[{\"@type\":\"ReadAction\",\"target\":[\"https:\/\/udbudsdanmark.dk\/index.php\/artikler\/\"]}]},{\"@type\":\"BreadcrumbList\",\"@id\":\"https:\/\/udbudsdanmark.dk\/index.php\/artikler\/#breadcrumb\",\"itemListElement\":[{\"@type\":\"ListItem\",\"position\":1,\"name\":\"Hjem\",\"item\":\"https:\/\/udbudsdanmark.dk\/\"},{\"@type\":\"ListItem\",\"position\":2,\"name\":\"Artikler &#8211; siden er under opbygning\"}]},{\"@type\":\"WebSite\",\"@id\":\"https:\/\/udbudsdanmark.dk\/#website\",\"url\":\"https:\/\/udbudsdanmark.dk\/\",\"name\":\"udbudsdanmark\",\"description\":\"\",\"potentialAction\":[{\"@type\":\"SearchAction\",\"target\":{\"@type\":\"EntryPoint\",\"urlTemplate\":\"https:\/\/udbudsdanmark.dk\/?s={search_term_string}\"},\"query-input\":{\"@type\":\"PropertyValueSpecification\",\"valueRequired\":true,\"valueName\":\"search_term_string\"}}],\"inLanguage\":\"da-DK\"}]}<\/script>\n<!-- \/ Yoast SEO plugin. -->","yoast_head_json":{"title":"Artikler - siden er under opbygning - udbudsdanmark","robots":{"index":"index","follow":"follow","max-snippet":"max-snippet:-1","max-image-preview":"max-image-preview:large","max-video-preview":"max-video-preview:-1"},"canonical":"https:\/\/udbudsdanmark.dk\/index.php\/artikler\/","og_locale":"da_DK","og_type":"article","og_title":"Artikler - siden er under opbygning - udbudsdanmark","og_description":"Artikler &#8211; siden er under opbygning","og_url":"https:\/\/udbudsdanmark.dk\/index.php\/artikler\/","og_site_name":"udbudsdanmark","article_modified_time":"2025-04-24T22:31:28+00:00","twitter_card":"summary_large_image","twitter_misc":{"Estimeret l\u00e6setid":"1 minut"},"schema":{"@context":"https:\/\/schema.org","@graph":[{"@type":"WebPage","@id":"https:\/\/udbudsdanmark.dk\/index.php\/artikler\/","url":"https:\/\/udbudsdanmark.dk\/index.php\/artikler\/","name":"Artikler - siden er under opbygning - udbudsdanmark","isPartOf":{"@id":"https:\/\/udbudsdanmark.dk\/#website"},"datePublished":"2025-04-18T20:32:22+00:00","dateModified":"2025-04-24T22:31:28+00:00","breadcrumb":{"@id":"https:\/\/udbudsdanmark.dk\/index.php\/artikler\/#breadcrumb"},"inLanguage":"da-DK","potentialAction":[{"@type":"ReadAction","target":["https:\/\/udbudsdanmark.dk\/index.php\/artikler\/"]}]},{"@type":"BreadcrumbList","@id":"https:\/\/udbudsdanmark.dk\/index.php\/artikler\/#breadcrumb","itemListElement":[{"@type":"ListItem","position":1,"name":"Hjem","item":"https:\/\/udbudsdanmark.dk\/"},{"@type":"ListItem","position":2,"name":"Artikler &#8211; siden er under opbygning"}]},{"@type":"WebSite","@id":"https:\/\/udbudsdanmark.dk\/#website","url":"https:\/\/udbudsdanmark.dk\/","name":"udbudsdanmark","description":"","potentialAction":[{"@type":"SearchAction","target":{"@type":"EntryPoint","urlTemplate":"https:\/\/udbudsdanmark.dk\/?s={search_term_string}"},"query-input":{"@type":"PropertyValueSpecification","valueRequired":true,"valueName":"search_term_string"}}],"inLanguage":"da-DK"}]}},"_links":{"self":[{"href":"https:\/\/udbudsdanmark.dk\/index.php\/wp-json\/wp\/v2\/pages\/63","targetHints":{"allow":["GET"]}}],"collection":[{"href":"https:\/\/udbudsdanmark.dk\/index.php\/wp-json\/wp\/v2\/pages"}],"about":[{"href":"https:\/\/udbudsdanmark.dk\/index.php\/wp-json\/wp\/v2\/types\/page"}],"author":[{"embeddable":true,"href":"https:\/\/udbudsdanmark.dk\/index.php\/wp-json\/wp\/v2\/users\/1"}],"replies":[{"embeddable":true,"href":"https:\/\/udbudsdanmark.dk\/index.php\/wp-json\/wp\/v2\/comments?post=63"}],"version-history":[{"count":13,"href":"https:\/\/udbudsdanmark.dk\/index.php\/wp-json\/wp\/v2\/pages\/63\/revisions"}],"predecessor-version":[{"id":225,"href":"https:\/\/udbudsdanmark.dk\/index.php\/wp-json\/wp\/v2\/pages\/63\/revisions\/225"}],"wp:attachment":[{"href":"https:\/\/udbudsdanmark.dk\/index.php\/wp-json\/wp\/v2\/media?parent=63"}],"curies":[{"name":"wp","href":"https:\/\/api.w.org\/{rel}","templated":true}]}}